59
List the prime factors of 435881044.
2, 108970261
List the prime factors of 4720399.
73, 64663
List the prime factors of 1369553017.
7, 59, 691, 4799
What are the prime factors of 8829838?
2, 23, 191953
What are the prime factors of 955821392?
2, 59738837
List the prime factors of 692737980.
2, 3, 5, 11, 1049603
List the prime factors of 1849840860.
2, 3, 5, 7, 61, 103, 701
What are the prime factors of 61742080?
2, 5, 31, 389
List the prime factors of 115338780.
2, 3, 5, 640771
What are the prime factors of 548359706?
2, 193, 1420621
List the prime factors of 2090176861.
2039, 1025099
What are the prime factors of 60227489?
7, 8603927
List the prime factors of 150766650.
2, 3, 5, 29, 3851
List the prime factors of 1441472675.
5, 23, 2506909
What are the prime factors of 1984274838?
2, 3, 7, 13, 569, 2129
What are the prime factors of 8144941112?
2, 7, 11, 5507
What are the prime factors of 1882513606?
2, 41, 67, 277, 1237
List the prime factors of 56113785.
3, 5, 7, 13, 71, 193
List the prime factors of 48238868.
2, 12059717
What are the prime factors of 179476465?
5, 7, 104651
What are the prime factors of 753892595?
5, 61, 199, 12421
What are the prime factors of 52265501?
52265501
List the prime factors of 240086584.
2, 19, 1579517
List the prime factors of 170003956.
2, 42500989
List the prime factors of 630029089.
29, 31, 700811
List the prime factors of 1194826433.
47, 25421839
List the prime factors of 40160444.
2, 10040111
What are the prime factors of 1591141399?
1591141399
List the prime factors of 5352625.
5, 42821
What are the prime factors of 376206588?
2, 3, 191, 54713
List the prime factors of 241063903.
431, 559313
What are the prime factors of 59666251?
19, 79, 127, 313
List the prime factors of 8113913.
17, 193, 2473
List the prime factors of 1178659748.
2, 7, 23, 263, 6959
List the prime factors of 74800974.
2, 3, 41, 304069
List the prime factors of 14708782.
2, 11, 668581
What are the prime factors of 843331039?
61, 13825099
What are the prime factors of 26269184?
2, 51307
List the prime factors of 131841720.
2, 3, 5, 366227
What are the prime factors of 257511843?
3, 28612427
List the prime factors of 2148773888.
2, 17, 30859
List the prime factors of 3818857.
7, 545551
What are the prime factors of 5840783089?
67, 87175867
List the prime factors of 1151459112.
2, 3, 47977463
What are the prime factors of 486831547?
19, 23, 1114031
List the prime factors of 2864802599.
2864802599
What are the prime factors of 142813744?
2, 401, 22259
What are the prime factors of 267995646?
2, 3, 19, 783613
List the prime factors of 934136546.
2, 7, 66724039
What are the prime factors of 2391674062?
2, 3167, 377593
List the prime factors of 857995835.
5, 31, 5535457
List the prime factors of 715663265.
5, 829, 172657
List the prime factors of 1054983095.
5, 41, 1559, 3301
List the prime factors of 465162274.
2, 232581137
List the prime factors of 65516458.
2, 7, 4679747
List the prime factors of 79202524.
2, 17, 23, 89, 569
List the prime factors of 146469163.
146469163
List the prime factors of 301567429.
8779, 34351
List the prime factors of 214323734.
2, 1949, 54983
List the prime factors of 44082400.
2, 5, 55103
What are the prime factors of 505385199?
3, 11, 19, 79, 179
List the prime factors of 246787359.
3, 7, 13, 149, 6067
What are the prime factors of 4533682293?
3, 7, 23987737
What are the prime factors of 254156558?
2, 127078279
List the prime factors of 228335924.
2, 57083981
What are the prime factors of 19120720?
2, 5, 59, 4051
What are the prime factors of 721752344?
2, 179, 504017
What are the prime factors of 4216796128?
2, 131774879
List the prime factors of 131971566.
2, 3, 2837, 7753
List the prime factors of 467465858.
2, 113, 211, 9803
List the prime factors of 1694912778.
2, 3, 13, 47, 154111
What are the prime factors of 77660933?
7, 59, 26863
What are the prime factors of 589728679?
499, 907, 1303
What are the prime factors of 231299141?
19, 12173639
What are the prime factors of 729535863?
3, 7, 71, 69899
What are the prime factors of 3926337?
3, 17, 167, 461
What are the prime factors of 156932050?
2, 5, 11, 29, 9839
List the prime factors of 1238063643.
3, 4651, 9859
What are the prime factors of 376086838?
2, 61, 787, 3917
List the prime factors of 137500107.
3, 29, 1580461
What are the prime factors of 1143065031?
3, 61, 6246257
List the prime factors of 698086665.
3, 5, 769, 20173
List the prime factors of 341891630.
2, 5, 47, 311, 2339
What are the prime factors of 125643709?
499, 251791
What are the prime factors of 246617076?
2, 3, 113, 181871
List the prime factors of 3633550772.
2, 127, 599, 11941
What are the prime factors of 4501953?
3, 166739
What are the prime factors of 377059442?
2, 59, 241, 13259
What are the prime factors of 179647011?
3, 6653593
List the prime factors of 343275459.
3, 114425153
List the prime factors of 75355468.
2, 1153, 16339
List the prime factors of 1156742660.
2, 5, 57837133
What are the prime factors of 1093881413?
563, 673, 2887
What are the prime factors of 4571683?
37, 157, 787
What are the prime factors of 1072059710?
2, 5, 227, 472273
List the prime factors of 825980963.
109, 7577807
List the prime factors of 2866189318.
2, 1433094659
List the prime factors of 885151496.
2, 110643937
What are the prime factors of 596311301?
596311301
What are the prime factors of 196208401?
4421, 44381
List the prime factors of 305746757.
305746757
What are the prime factors of 7809870899?
673, 11604563
List the prime factors of 487156580.
2, 5, 19, 683, 1877
What are the prime factors of 96572182?
2, 7, 103, 193, 347
What are the prime factors of 1328334987?
3, 7, 63254047
What are the prime factors of 567716632?
2, 7, 17, 596341
List the prime factors of 3591017182.
2, 59, 30432349
List the prime factors of 19910366.
2, 7, 17, 19, 37
What are the prime factors of 33381613?
19, 1756927
List the prime factors of 8873663.
8873663
List the prime factors of 5360076.
2, 3, 148891
List the prime factors of 54491320.
2, 5, 13, 43, 2437
List the prime factors of 1856367609.
3, 10889, 56827
What are the prime factors of 420811505?
5, 84162301
List the prime factors of 3581133871.
7, 101, 5065253
What are the prime factors of 306596336?
2, 797, 24043
What are the prime factors of 2941584596?
2, 17, 3697, 11701
List the prime factors of 1893824372.
2, 11, 43041463
What are the prime factors of 3410509909?
3410509909
List the prime factors of 343445651.
263, 571, 2287
List the prime factors of 71205075.
3, 5, 3907
List the prime factors of 4580150.
2, 5, 47, 1949
What are the prime factors of 385241002?
2, 41, 73, 139, 463
List the prime factors of 43303485.
3, 5, 2886899
What are the prime factors of 34313370?
2, 3, 5, 7, 13, 12569
List the prime factors of 5158548966.
2, 3, 107, 149, 53927
What are the prime factors of 298603691?
17, 29, 605687
List the prime factors of 2249002.
2, 7, 53, 433
List the prime factors of 703723363.
7, 100531909
List the prime factors of 42968194.
2, 21484097
List the prime factors of 171263850.
2, 3, 5, 29, 39371
What are the prime factors of 4148703271?
4148703271
What are the prime factors of 79182307?
23, 43, 59
What are the prime factors of 40623480?
2, 3, 5, 112843
List the prime factors of 1742094017.
79, 279137
List the prime factors of 256040947.
256040947
What are the prime factors of 2088797?
293, 7129
What are the prime factors of 32915576?
2, 23, 178889
What are the prime factors of 74621699?
179, 416881
List the prime factors of 487928049.
3, 7, 23, 1010203
List the prime factors of 157364676.
2, 3, 7, 89209
List the prime factors of 141573802.
2, 43, 61, 26987
List the prime factors of 5909298.
2, 3, 23, 42821
List the prime factors of 523330943.
5879, 89017
What are the prime factors of 32407097?
41, 790417
What are the prime factors of 310455720?
2, 3, 5, 263, 1093
List the prime factors of 675698916.
2, 3, 59, 954377
What are the prime factors of 827849502?
2, 3, 43, 1069573
What are the prime factors of 46945787?
7, 1303, 5147
What are the prime factors of 3054642566?
2, 3083, 495401
What are the prime factors of 4632130357?
29, 919, 173807
What are the prime factors of 1517307894?
2, 3, 83, 1015601
List the prime factors of 751750847.